True
Is 26024148323 composite?
True
Is 674467967 prime?
False
Is 325012371995 prime?
False
Is 12751750993 a composite number?
True
Is 218148293 a prime number?
False
Is 863890129 a prime number?
True
Is 61959270097 composite?
False
Is 557511797 composite?
False
Is 65679459 composite?
True
Is 11814637481 prime?
False
Is 5202112514 a composite number?
True
Is 396668611 a prime number?
False
Is 9931842719 prime?
False
Is 973472362 prime?
False
Is 4325541481 prime?
False
Is 11099769997 composite?
True
Is 7219197119 composite?
False
Is 1936421078 a prime number?
False
Is 776061173 a prime number?
False
Is 791358943 composite?
True
Is 1966872697 a composite number?
True
Is 103835490657 a composite number?
True
Is 2004788099 a prime number?
True
Is 896990197 a prime number?
True
Is 12931105157 a composite number?
True
Is 616639343 prime?
True
Is 10400755357 composite?
False
Is 50954983 a prime number?
True
Is 13258249379 prime?
True
Is 35325349 a composite number?
True
Is 18618662213 a prime number?
True
Is 221095309 prime?
True
Is 200953917637 prime?
False
Is 1523590153 prime?
True
Is 1954756327 a composite number?
False
Is 8346654479 a composite number?
False
Is 18513358753 prime?
False
Is 242631289 composite?
True
Is 26842358597 a composite number?
True
Is 4622199437 a prime number?
True
Is 8270452657 prime?
True
Is 20868962711 prime?
True
Is 10072035461 a prime number?
True
Is 279535400627 composite?
True
Is 2523290051 a composite number?
False
Is 8626519789 a composite number?
False
Is 110981977 a prime number?
True
Is 374490562 a prime number?
False
Is 384408569 prime?
True
Is 8177696543 prime?
True
Is 31659818383 a composite number?
False
Is 7231007869 a composite number?
False
Is 36930277 composite?
False
Is 25649387 a prime number?
True
Is 22949058109 composite?
False
Is 52689787561 composite?
False
Is 10680444739 prime?
True
Is 10106864841 composite?
True
Is 6209774303 prime?
True
Is 523742333 a prime number?
True
Is 4516058233 a composite number?
False
Is 8145537571 prime?
True
Is 56452757707 composite?
False
Is 17805263569 prime?
True
Is 2158680157 a composite number?
True
Is 17050202583 composite?
True
Is 32311829813 a prime number?
True
Is 552779443 composite?
False
Is 608568277 composite?
True
Is 511109737 composite?
False
Is 90323581 prime?
False
Is 12955924303 composite?
True
Is 44843309831 a composite number?
False
Is 86723034361 prime?
True
Is 25965749503 composite?
False
Is 921929357 prime?
False
Is 5425924565 a composite number?
True
Is 43099356847 a composite number?
False
Is 466603661 a composite number?
True
Is 53054939 prime?
False
Is 35707877179 a prime number?
False
Is 2335205263 a prime number?
True
Is 4007701307 a composite number?
True
Is 54905027063 composite?
False
Is 638441087 prime?
True
Is 13980398051 composite?
False
Is 303556689493 prime?
False
Is 887509547 a composite number?
True
Is 12213379403 composite?
False
Is 191902327271 prime?
True
Is 2347597799 composite?
False
Is 7393922071 composite?
True
Is 11739927821 a composite number?
True
Is 5464639337 a prime number?
True
Is 1927319 composite?
False
Is 253065401 composite?
False
Is 6480664405 a composite number?
True
Is 20218268489 prime?
True
Is 50007556567 a composite number?
False
Is 68692248763 a composite number?
False
Is 4126068229 a composite number?
False
Is 4456336163 a prime number?
True
Is 1547783299 prime?
True
Is 42234414473 a composite number?
False
Is 4473772739 composite?
True
Is 5876423057 prime?
False
Is 32513609 a prime number?
True
Is 317422331 a composite number?
False
Is 3366927041 composite?
False
Is 83030637071 a prime number?
True
Is 2124957431 a prime number?
False
Is 745766257 a prime number?
False
Is 1171889357 a composite number?
False
Is 3397728197 prime?
True
Is 17040776141 prime?
True
Is 286627501 a prime number?
False
Is 4417759309 composite?
False
Is 613955567 a composite number?
False
Is 82623007 composite?
False
Is 769153199 prime?
True
Is 1478095639 prime?
True
Is 838863203 composite?
False
Is 131685875599 prime?
False
Is 50895705167 composite?
False
Is 82034413 composite?
True
Is 28235929093 a prime number?
False
Is 2058541591 a prime number?
True
Is 6351293947 a prime number?
False
Is 5215764581 composite?
False
Is 2407260463 a composite number?
False
Is 429725761 a composite number?
False
Is 693706441 prime?
False
Is 1194104053 a prime number?
True
Is 25578809957 composite?
False
Is 7780878481 a composite number?
True
Is 1805860271 prime?
True
Is 1600276103 a prime number?
True
Is 3599603389 composite?
False
Is 62798413235 a prime number?
False
Is 2728793887 prime?
True
Is 890858699 prime?
False
Is 2511287543 a composite number?
False
Is 41329259459 composite?
False
Is 6119742521 composite?
False
Is 371931617 a composite number?
False
Is 1216951958 prime?
False
Is 193142953931 a composite number?
False
Is 1773570079 prime?
False
Is 59378448491 a prime number?
True
Is 386221783 a prime number?
True
Is 4980858161 a prime number?
True
Is 841997411 composite?
False
Is 2007195259 composite?
False
Is 28420579703 prime?
True
Is 6238577399 a composite number?
False
Is 20476531111 prime?
False
Is 4821755633 a prime number?
True
Is 103538114971 composite?
False
Is 62503231487 a composite number?
False
Is 9770220505 a prime number?
False
Is 1959747371 composite?
True
Is 185095553 a prime number?
True
Is 10241211191 composite?
False
Is 7317786757 composite?
False
Is 465138127 a composite number?
True
Is 9943200613 composite?
False
Is 2938276589 composite?
False
Is 7684888083 a composite number?
True
Is 4075473335 prime?
False
Is 42816049 a composite number?
True
Is 1186801859 a composite number?
True
Is 62442937 a prime number?
False
Is 4654968653 a prime number?
True
Is 2802432977 composite?
True
Is 2762427071 a composite number?
True
Is 32036000707 prime?
True
Is 40495641829 prime?
False
Is 15847479257 composite?
True
Is 168507611 composite?
False
Is 8994906757 composite?
False
Is 471113429 a prime number?
True
Is 133527929 a prime number?
False
Is 1857896693 a composite number?
False
Is 12292057123 a composite number?
True
Is 3326679857 a prime number?
True
Is 158033291023 prime?
True
Is 1367973421 prime?
False
Is 20475662101 composite?
True
Is 38701460351 a prime number?
False
Is 914311037 composite?
False
Is 32168961751 a prime number?
False
Is 40199377259 a prime number?
True
Is 1906199699 a composite number?
True
Is 85987493099 composite?
False
Is 28748412007 a prime number?
False
Is 772639211 a composite number?
True
Is 493101709 composite?
True
Is 1518236893 prime?
True
Is 4236974171 a prime number?
True
Is 673959467 a prime number?
False
Is 859427461 a prime number?
True
Is 24764081 a prime number?
False
Is 30441389849 composite?
True
Is 89161249 a composite number?
False
Is 253094717 a prime number?
True
Is 5468801399 prime?
False
Is 666250051 a composite number?
True
Is 237505819 prime?
True
Is 155431883 a prime number?
False
Is 161345707421 a prime number?
True
Is 15921828619 a composite number?
True
Is 11487681761 a composite number?
False
Is 327114718001 prime?
True
Is 3153707809 prime?
False
Is 1177335611 prime?
False
Is 2234324557 a composite number?
True
Is 827622571 prime?
True
Is 354100267 a prime number?
True
Is 2938500241 a prime number?
True
Is 56583492919 prime?
True
Is 7386446953 a composite number?
False
Is 595546961 a composite number?
True
Is 2572613699 a prime number?
False
Is 9593928503 a composite number?
True
Is 2081829371 prime?
True
Is 4698579061 a composite number?
True
Is 38187851203 composite?
False
Is 668125459 a prime number?
False
Is 467472497 prime?
False
Is 3115966859 composite?
False
Is 250880761 a composite number?
True
Is 1825788651 composite?
True
Is 6241147091 a prime number?
False
Is 61073009539 prime?
False
Is 427818697 a prime number?
False
Is 7735766618 composite?
True
Is 136267645373 prime?
True
Is 401868479 prime?
False
Is 322578317 a prime number?
False
Is 13635689 a composite number?
False
Is 187992722297 prime?
False
Is 23844867047 a prime number?
True
Is 3967106563 composite?
True
Is 7921048439 composite?
True
Is 1787205313 composite?
False
Is 190628483 a prime number?
True
Is 455473561 prime?
True
Is 8394907561 composite?
False
Is 8280104383 prime?
True
Is 1506379669 a pri